e 7*l - 4*l + g - 38 = 0, -5*l = -4*g - 52. Suppose -7*a + 9*a - l = 0. Suppose 679 = a*t - 287. Is t a composite number?
True
Let t be 51/102*1738*6. Let i = 7313 - t. Is i a prime number?
True
Suppose -9*q + 13*q + 16 = 0, -q = 5*n - 71. Suppose 11*f - n*f + 1676 = 0. Is f composite?
False
Let n = -168 - -258. Let f = n - 18. Is -3 - ((-224)/(-6))/((-3)/f) a prime number?
False
Let k(c) = -c**2 + 2*c + 2. Let z be 7/3 + (-4)/12 + 1. Let p be k(z). Let h(o) = -545*o - 4. Is h(p) prime?
True
Suppose -91*o = 201*o - 13348196. Is o composite?
True
Suppose 4*y + 3*c = 24886 + 3731, -y + 7164 = 4*c. Suppose 5*q - x - 1397 = y, -2*q - 3*x + 3406 = 0. Is q a composite number?
False
Let c(x) be the second derivative of 73*x**4/24 - 4*x**3 - 39*x**2/2 + 2*x. Let v(q) be the first derivative of c(q). Is v(14) a composite number?
True
Let m(j) = -21*j + 158 - 130*j - 60. Is m(-11) a composite number?
False
Suppose -627*k + 133279522 + 88949969 = 0. Is k prime?
False
Is (7 - -1) + 2317 + 8/1 a prime number?
True
Let z(t) = -1235*t - 4. Let a be z(7). Let v = a + 21694. Is v prime?
False
Suppose -4*j + f - 2 = 0, 3*j + 7*f - 5 = 11*f. Is (j - -2)/(4/23804) composite?
True
Let u be (-88424)/(-21) - (-2)/6. Suppose -u = -4*a - 5*d, -6*d + 7*d - 3150 = -3*a. Is a a composite number?
False
Let o = -36539 + 75330. Suppose 8*t = o + 2297. Let r = t - 3569. Is r a prime number?
True
Let h = 425 - 420. Suppose -3*v + h*k = -20723, k - 6913 = 4*v - 5*v. Is v a prime number?
True
Let n(b) = -12*b**3 + 3*b**2 + 10*b + 27. Is n(-14) a prime number?
True
Is ((425292 + -6)/6)/(21/28) + 5 composite?
False
Suppose -10*o + 262018 + 9363 + 199269 = 0. Is o composite?
True
Let u = 515 + -512. Is -4 + (u - -23019)/6 a composite number?
False
Let s(p) = 0 + 31*p - 10*p + 15*p + 5. Let o(z) = -2*z. Let b be o(-1). Is s(b) a prime number?
False
Suppose -44*n - 4885662 = -35692570. Is n composite?
True
Let g(k) be the third derivative of -23*k**4/12 + 31*k**3/6 - 12*k**2 - 9. Let j be (0 + 5)/(2/(-4)). Is g(j) composite?
False
Let f(z) = 84*z**2 - 6*z + 11. Let r be f(-6). Let q = -890 + r. Is q composite?
True
Is ((-2373921)/396)/((-9)/12) composite?
False
Suppose 27*o - 79120 - 96947 = 0. Is o a prime number?
True
Suppose 1283*t - 1285*t = -4*c - 110026, -5*t = c - 275109. Is t a composite number?
False
Let w = 137739 - 58446. Is w prime?
False
Suppose -2*a = -1 - 7. Suppose 4*f + 1 = 2*p + 13, -a*p = f - 3. Suppose 2*t = -3*v + 2278, 2*t = -2*v - p*v + 2278. Is t a prime number?
False
Suppose 5*c + 23 = -4*d - 15, -4*c - 2*d = 28. Let i be -2 - c - 6/2. Is 40/(-120)*((-8394)/i)/2 a prime number?
True
Let b = 4695 - 3752. Is b a composite number?
True
Let h = 49 + -20. Suppose -5*a = w - 0 - 20, 3*a + 4*w = h. Suppose -a*b + 1578 = -0*b. Is b prime?
False
Let q = -34416 + 75845. Is q prime?
False
Suppose 4*o = 25*c - 28*c + 12133, -2*o + 4*c = -6094. Is o a composite number?
False
Let w(g) = -92*g**3 - 2*g**2 - 9*g + 8. Let j(h) = -h**2 + 1. Let a(k) = 5*j(k) - w(k). Is a(2) a composite number?
False
Let c be 3489/(-1 - -4) + -5. Suppose -j = 4*g - 395, 3*j + 4*g - c = g. Suppose 264 = 2*d + z, j = 3*d - 6*z + z. Is d a composite number?
False
Suppose 0 = 5*q - 10, a + 999 = q - 1149. Let c = -675 - a. Is c a prime number?
True
Let c be (-3)/15*0/6. Let q(y) = y**2 + 553. Is q(c) composite?
True
Let v = 459 - 454. Suppose 4*z + 12797 = -5*o + 8*o, -4*z = -v*o + 21339. Is o a composite number?
False
Let f(d) = d**3 - 3*d**2 - 4*d + 4. Let z be f(-3). Let j be (z/8)/(3/(-60)). Suppose 93*v = j*v - 2014. Is v composite?
True
Let d(a) = a**3 - 10*a**2 + 10*a - 4. Let t be 34/4 - (7/(-2) + 3). Let h be d(t). Let f(n) = 86*n**2 + 5*n - 20. Is f(h) a prime number?
False
Suppose 370 = -0*o - 5*o. Let j = 144 + o. Suppose -b + j = b. Is b a prime number?
False
Let a(g) = -74*g**3 + 4*g**2 - 5*g - 1. Let t be a(-4). Suppose -15*k + t = -14*k. Is k composite?
True
Suppose -75*i + 1974071 = -10699204. Is i composite?
False
Suppose 29*c + 31 = -2*c. Let k(i) = -5393*i + 40. Is k(c) composite?
True
Let g(h) = -2*h**2 - 37*h + 23. Let i be g(-19). Suppose -n - i*k + 183 = -1655, 5*k = 0. Is n a prime number?
False
Let w(t) = t - 2. Let m be w(6). Let a be 3/(-36) + 6422/456. Suppose 342 = m*s + a. Is s prime?
False
Let j(r) = 260*r**2 + 26*r + 395. Is j(-13) composite?
False
Let k be (-2 + 7)/((-1)/8). Let h be (2 + 1)*k/(-3). Suppose -h = 3*l - 2161. Is l a composite number?
True
Suppose -314*d + 8 = -310*d. Suppose -4*q + 2*h + 20568 = 0, 5*q - 10130 - 15579 = d*h. Is q a composite number?
True
Let v = 43 - 36. Let p(h) = -6*h**2 - 39*h - 11*h**3 + v*h**3 + 40*h - 9. Is p(-6) a prime number?
False
Let v = 237127 + -65556. Is v composite?
False
Suppose 5*p - 20575 - 174630 = 0. Is p a prime number?
True
Let x = 167 - 163. Suppose o - 201 = -x*a, o + 4*o + 219 = 4*a. Is a a prime number?
False
Let w = 64065 + -722. Is w a prime number?
False
Suppose -7*s = -2*s - 10. Suppose -a - s*q = 5 + 2, -4*a + 37 = -5*q. Is 2765/(-15)*1*-1*a a prime number?
False
Suppose -3*u + 5*j = 9*j - 1198697, 5*u = 3*j + 1997809. Is u a composite number?
True
Let t = 104 - -88. Suppose 7*s = 3*s - t. Let c = s + 157. Is c composite?
False
Let o(u) = -2*u - 47. Let c be o(-25). Let s(x) = -19*x**3 - x + 22*x**c + 7*x - 4. Is s(5) a composite number?
False
Let t(z) be the first derivative of -z**3/3 + 2*z**2 + 2*z + 36. Let k be t(3). Suppose 0 = -4*h + 3*m + 1636, 2*h + m + 1227 = k*h. Is h prime?
True
Suppose -420 = 2*y + 5*w - 158, -5*y - 2*w = 676. Let d be (3/4 + 0)*y. Let k = d + 251. Is k prime?
True
Suppose 57*p + 42 = 63*p. Let c(t) = 519*t + 44. Is c(p) a composite number?
False
Let u(g) be the first derivative of 13*g**5/30 + 7*g**4/12 - 5*g**3/6 - 6*g**2 + 22. Let s(a) be the second derivative of u(a). Is s(10) a prime number?
False
Let s(q) = q + 11 + q + 1 + 1. Let m be s(-5). Suppose 3*n - 5*p = 790, -n - p - m*p + 269 = 0. Is n composite?
True
Suppose 7*x + 168396 - 605350 = 85855. Is x composite?
False
Let l be 10/(-8) + 3 - (-2)/8. Let w(p) = -25*p**3 - 22*p**3 - 1 - 3*p - 79*p**3 - p**l. Is w(-1) prime?
True
Let t(l) = -l**2 - 6*l + 1. Let b be t(-5). Let p(k) = 32*k + 235. Let z be p(-6). Suppose q - b = z. Is q a prime number?
False
Let k = 25 - 32. Let s(v) be the first derivative of -7*v**4/4 - 4*v**3 + 5*v**2 + 4*v - 63. Is s(k) composite?
False
Let x be 277*(2 + 1 + -2). Let y = 525 - x. Suppose c + y = 9*c. Is c prime?
True
Is (2430/(-165))/54 + 3411788/22 a composite number?
False
Let l = 37672 + -15682. Suppose -6*r - 2*s = -10*r + 43956, -2*r - 2*s + l = 0. Is r composite?
True
Is 231/154*54452/6 prime?
True
Suppose 65*g - 66*g = 5*d + 40, 0 = -3*g + 3*d - 120. Is 2*(-3470)/g*46 prime?
False
Let j = 26 + -10. Let a(s) = s**3 - 7*s**2 + s + 4. Let y be a(j). Suppose -8*x + y + 5748 = 0. Is x a composite number?
False
Let n(o) = -6*o**3 - 13*o**2 + 24*o + 4. Let w be n(-11). Suppose -3*x - w = -3*c + x, 3*c - 6135 = -2*x. Is c a prime number?
False
Let p(a) = -15493*a + 1127. Is p(-12) a prime number?
True
Suppose 9*s = 5*s, 5*s = a - 11026. Let p = 22575 - a. Is p prime?
True
Suppose -2*p = -4*h + 296, 3*p + 528 = -4*h + 124. Let n be (-58)/(-3 - (4 + 972/p)). Let d = n + -542. Is d a prime number?
False
Let q = -15395 + 8792. Let p = -3540 - q. Is p a prime number?
False
Suppose 0 = 66*s - 69*s + 270. Is (-3)/(s/6) - 18472/(-10) a prime number?
True
Let j = 266095 + 321378. Is j a prime number?
True
Let n(r) = -1162*r - 17. Let l be n(-4). Suppose 19*x - l = 18*x. Suppose x = -2*i + 5*i + h, -2*i + 4*h = -3078. Is i composite?
False
Suppose 4*j = -2*j + 30. Suppose -j*p + m = 4*m - 48, 0 = 2*p + 4*m - 22. Suppose 18*u - 3231 = p*u. Is u composite?
False
Let p(r) = r**2 - 85*r + 104*r - 16 - 19*r**3 + 4. Is p(-5) a prime number?
True
Suppose -3*w + 2*l = -1725644 - 818727, 4*w - 4*l = 3392504. Is w a prime number?
True
Suppose 169*c - 158*c - 321871 = 0. Is c composite?
True
Suppose -18662 = -2*o - 3*i + 14738, o + 2*i - 16698 = 0. Is o a prime number?
False
Let j(l) = 14*l**3 + 7*l**2 + 11*l - 7. Let u = -53 - -48. Let a(m) = -m**3. Let h(p) = u*a(p) - j(p). Is h(-6) composite?
True
Let n(y) = 356*y**2 + 6*y + 11. Suppose 2*s + 5*k = -29, s + 4*s = 3*k - 26. Let w be n(s). Is 2/15 